{"id":38,"date":"2021-01-17T20:41:56","date_gmt":"2021-01-17T19:41:56","guid":{"rendered":"https:\/\/www.peintrecollin.com\/pcw\/?page_id=38"},"modified":"2021-02-23T22:35:58","modified_gmt":"2021-02-23T21:35:58","slug":"fco_page-recompenses","status":"publish","type":"page","link":"https:\/\/www.peintrecollin.com\/pcw\/fco_page-recompenses\/","title":{"rendered":"R\u00e9compenses"},"content":{"rendered":"\n<p>Des r\u00e9compenses obtenues dans diff\u00e9rents salons, expositions, concours depuis 2003<\/p>\n\n\n\n<div class=\"wp-block-image is-style-rounded\"><figure class=\"aligncenter size-full is-resized\"><img loading=\"lazy\" decoding=\"async\" src=\"https:\/\/www.peintrecollin.com\/pcw\/wp-content\/uploads\/2021\/02\/les-prix.png\" alt=\"\" class=\"wp-image-226\" width=\"375\" height=\"228\" srcset=\"https:\/\/www.peintrecollin.com\/pcw\/wp-content\/uploads\/2021\/02\/les-prix.png 1500w, https:\/\/www.peintrecollin.com\/pcw\/wp-content\/uploads\/2021\/02\/les-prix-300x182.png 300w, https:\/\/www.peintrecollin.com\/pcw\/wp-content\/uploads\/2021\/02\/les-prix-1024x623.png 1024w, https:\/\/www.peintrecollin.com\/pcw\/wp-content\/uploads\/2021\/02\/les-prix-768x467.png 768w, https:\/\/www.peintrecollin.com\/pcw\/wp-content\/uploads\/2021\/02\/les-prix-324x197.png 324w, https:\/\/www.peintrecollin.com\/pcw\/wp-content\/uploads\/2021\/02\/les-prix-416x253.png 416w\" sizes=\"auto, (max-width: 375px) 100vw, 375px\" \/><\/figure><\/div>\n\n\n\n<ul class=\"wp-block-list\"><li>Prix du Cr\u00e9dit Agricole au Salon r\u00e9gional vall\u00e9e de l&rsquo;Eure, Maintenon<\/li><li>2\u00e8me Prix au Salon de Chartres \u00ab\u00a0Eur\u00e9liens\u00a0\u00bb, Chartres<\/li><li>Prix du \u00ab\u00a0Public\u00a0\u00bb, St Maixme Hauterive<\/li><li>Premier prix du salon FESTI&rsquo;ARTS, Ch\u00e2teauneuf-en-Thymerais<\/li><li>Premier prix \u00ab\u00a0Huile\u00a0\u00bb, Saint-Eliph<\/li><li>Premier Prix \u00ab\u00a0Huile\u00a0\u00bb, Champrond-en-G\u00e2tine<\/li><\/ul>\n","protected":false},"excerpt":{"rendered":"<p>Des r\u00e9compenses obtenues dans diff\u00e9rents salons, expositions, concours depuis 2003 Prix du Cr\u00e9dit Agricole au Salon r\u00e9gional vall\u00e9e de l&rsquo;Eure, Maintenon 2\u00e8me Prix au Salon de Chartres \u00ab\u00a0Eur\u00e9liens\u00a0\u00bb, Chartres Prix du \u00ab\u00a0Public\u00a0\u00bb, St Maixme Hauterive Premier prix du salon FESTI&rsquo;ARTS, Ch\u00e2teauneuf-en-Thymerais Premier prix \u00ab\u00a0Huile\u00a0\u00bb, Saint-Eliph Premier Prix \u00ab\u00a0Huile\u00a0\u00bb, Champrond-en-G\u00e2tine<\/p>\n","protected":false},"author":1,"featured_media":0,"parent":0,"menu_order":0,"comment_status":"closed","ping_status":"closed","template":"template-fullwidth.php","meta":{"footnotes":""},"class_list":["post-38","page","type-page","status-publish","hentry"],"yoast_head":"<!-- This site is optimized with the Yoast SEO plugin v27.0 - https:\/\/yoast.com\/product\/yoast-seo-wordpress\/ -->\n<title>R\u00e9compenses - Fran\u00e7ois Collin - Artiste Peintre - Beauce Perche Bretagne<\/title>\n<meta name=\"description\" content=\"R\u00e9compenses obtenues par Fran\u00e7ois COLLIN dans diff\u00e9rents salons, expositions, concours. Peintures de Beauce, du Perche, de Bretagne.\" \/>\n<meta name=\"robots\" content=\"index, follow, max-snippet:-1, max-image-preview:large, max-video-preview:-1\" \/>\n<link rel=\"canonical\" href=\"https:\/\/www.peintrecollin.com\/pcw\/fco_page-recompenses\/\" \/>\n<meta property=\"og:locale\" content=\"fr_FR\" \/>\n<meta property=\"og:type\" content=\"article\" \/>\n<meta property=\"og:title\" content=\"R\u00e9compenses - Fran\u00e7ois Collin - Artiste Peintre - Beauce Perche Bretagne\" \/>\n<meta property=\"og:description\" content=\"R\u00e9compenses obtenues par Fran\u00e7ois COLLIN dans diff\u00e9rents salons, expositions, concours. Peintures de Beauce, du Perche, de Bretagne.\" \/>\n<meta property=\"og:url\" content=\"https:\/\/www.peintrecollin.com\/pcw\/fco_page-recompenses\/\" \/>\n<meta property=\"og:site_name\" content=\"Fran\u00e7ois Collin\" \/>\n<meta property=\"article:modified_time\" content=\"2021-02-23T21:35:58+00:00\" \/>\n<meta property=\"og:image\" content=\"https:\/\/www.peintrecollin.com\/pcw\/wp-content\/uploads\/2021\/02\/les-prix.png\" \/>\n<meta name=\"twitter:card\" content=\"summary_large_image\" \/>\n<script type=\"application\/ld+json\" class=\"yoast-schema-graph\">{\"@context\":\"https:\/\/schema.org\",\"@graph\":[{\"@type\":\"WebPage\",\"@id\":\"https:\/\/www.peintrecollin.com\/pcw\/fco_page-recompenses\/\",\"url\":\"https:\/\/www.peintrecollin.com\/pcw\/fco_page-recompenses\/\",\"name\":\"R\u00e9compenses - Fran\u00e7ois Collin - Artiste Peintre - Beauce Perche Bretagne\",\"isPartOf\":{\"@id\":\"https:\/\/www.peintrecollin.com\/pcw\/#website\"},\"primaryImageOfPage\":{\"@id\":\"https:\/\/www.peintrecollin.com\/pcw\/fco_page-recompenses\/#primaryimage\"},\"image\":{\"@id\":\"https:\/\/www.peintrecollin.com\/pcw\/fco_page-recompenses\/#primaryimage\"},\"thumbnailUrl\":\"https:\/\/www.peintrecollin.com\/pcw\/wp-content\/uploads\/2021\/02\/les-prix.png\",\"datePublished\":\"2021-01-17T19:41:56+00:00\",\"dateModified\":\"2021-02-23T21:35:58+00:00\",\"description\":\"R\u00e9compenses obtenues par Fran\u00e7ois COLLIN dans diff\u00e9rents salons, expositions, concours. Peintures de Beauce, du Perche, de Bretagne.\",\"breadcrumb\":{\"@id\":\"https:\/\/www.peintrecollin.com\/pcw\/fco_page-recompenses\/#breadcrumb\"},\"inLanguage\":\"fr-FR\",\"potentialAction\":[{\"@type\":\"ReadAction\",\"target\":[\"https:\/\/www.peintrecollin.com\/pcw\/fco_page-recompenses\/\"]}]},{\"@type\":\"ImageObject\",\"inLanguage\":\"fr-FR\",\"@id\":\"https:\/\/www.peintrecollin.com\/pcw\/fco_page-recompenses\/#primaryimage\",\"url\":\"https:\/\/www.peintrecollin.com\/pcw\/wp-content\/uploads\/2021\/02\/les-prix.png\",\"contentUrl\":\"https:\/\/www.peintrecollin.com\/pcw\/wp-content\/uploads\/2021\/02\/les-prix.png\",\"width\":1500,\"height\":912,\"caption\":\"R\u00e9compenses peintre Collin Fran\u00e7ois\"},{\"@type\":\"BreadcrumbList\",\"@id\":\"https:\/\/www.peintrecollin.com\/pcw\/fco_page-recompenses\/#breadcrumb\",\"itemListElement\":[{\"@type\":\"ListItem\",\"position\":1,\"name\":\"Accueil\",\"item\":\"https:\/\/www.peintrecollin.com\/pcw\/\"},{\"@type\":\"ListItem\",\"position\":2,\"name\":\"R\u00e9compenses\"}]},{\"@type\":\"WebSite\",\"@id\":\"https:\/\/www.peintrecollin.com\/pcw\/#website\",\"url\":\"https:\/\/www.peintrecollin.com\/pcw\/\",\"name\":\"Fran\u00e7ois Collin\",\"description\":\"Siret : 792 687 972 00010 - APE : 9003A\",\"publisher\":{\"@id\":\"https:\/\/www.peintrecollin.com\/pcw\/#\/schema\/person\/cd114f0559048a553ef862492872ea03\"},\"potentialAction\":[{\"@type\":\"SearchAction\",\"target\":{\"@type\":\"EntryPoint\",\"urlTemplate\":\"https:\/\/www.peintrecollin.com\/pcw\/?s={search_term_string}\"},\"query-input\":{\"@type\":\"PropertyValueSpecification\",\"valueRequired\":true,\"valueName\":\"search_term_string\"}}],\"inLanguage\":\"fr-FR\"},{\"@type\":[\"Person\",\"Organization\"],\"@id\":\"https:\/\/www.peintrecollin.com\/pcw\/#\/schema\/person\/cd114f0559048a553ef862492872ea03\",\"name\":\"Fran\u00e7ois Collin\",\"image\":{\"@type\":\"ImageObject\",\"inLanguage\":\"fr-FR\",\"@id\":\"https:\/\/www.peintrecollin.com\/pcw\/#\/schema\/person\/image\/\",\"url\":\"https:\/\/www.peintrecollin.com\/pcw\/wp-content\/uploads\/2021\/01\/signature-peintre-collin-peinture-huile.png\",\"contentUrl\":\"https:\/\/www.peintrecollin.com\/pcw\/wp-content\/uploads\/2021\/01\/signature-peintre-collin-peinture-huile.png\",\"width\":794,\"height\":499,\"caption\":\"Fran\u00e7ois Collin\"},\"logo\":{\"@id\":\"https:\/\/www.peintrecollin.com\/pcw\/#\/schema\/person\/image\/\"},\"sameAs\":[\"https:\/\/www.peintrecollin.com\/pcw\"]}]}<\/script>\n<!-- \/ Yoast SEO plugin. -->","yoast_head_json":{"title":"R\u00e9compenses - Fran\u00e7ois Collin - Artiste Peintre - Beauce Perche Bretagne","description":"R\u00e9compenses obtenues par Fran\u00e7ois COLLIN dans diff\u00e9rents salons, expositions, concours. Peintures de Beauce, du Perche, de Bretagne.","robots":{"index":"index","follow":"follow","max-snippet":"max-snippet:-1","max-image-preview":"max-image-preview:large","max-video-preview":"max-video-preview:-1"},"canonical":"https:\/\/www.peintrecollin.com\/pcw\/fco_page-recompenses\/","og_locale":"fr_FR","og_type":"article","og_title":"R\u00e9compenses - Fran\u00e7ois Collin - Artiste Peintre - Beauce Perche Bretagne","og_description":"R\u00e9compenses obtenues par Fran\u00e7ois COLLIN dans diff\u00e9rents salons, expositions, concours. Peintures de Beauce, du Perche, de Bretagne.","og_url":"https:\/\/www.peintrecollin.com\/pcw\/fco_page-recompenses\/","og_site_name":"Fran\u00e7ois Collin","article_modified_time":"2021-02-23T21:35:58+00:00","og_image":[{"url":"https:\/\/www.peintrecollin.com\/pcw\/wp-content\/uploads\/2021\/02\/les-prix.png","type":"","width":"","height":""}],"twitter_card":"summary_large_image","schema":{"@context":"https:\/\/schema.org","@graph":[{"@type":"WebPage","@id":"https:\/\/www.peintrecollin.com\/pcw\/fco_page-recompenses\/","url":"https:\/\/www.peintrecollin.com\/pcw\/fco_page-recompenses\/","name":"R\u00e9compenses - Fran\u00e7ois Collin - Artiste Peintre - Beauce Perche Bretagne","isPartOf":{"@id":"https:\/\/www.peintrecollin.com\/pcw\/#website"},"primaryImageOfPage":{"@id":"https:\/\/www.peintrecollin.com\/pcw\/fco_page-recompenses\/#primaryimage"},"image":{"@id":"https:\/\/www.peintrecollin.com\/pcw\/fco_page-recompenses\/#primaryimage"},"thumbnailUrl":"https:\/\/www.peintrecollin.com\/pcw\/wp-content\/uploads\/2021\/02\/les-prix.png","datePublished":"2021-01-17T19:41:56+00:00","dateModified":"2021-02-23T21:35:58+00:00","description":"R\u00e9compenses obtenues par Fran\u00e7ois COLLIN dans diff\u00e9rents salons, expositions, concours. Peintures de Beauce, du Perche, de Bretagne.","breadcrumb":{"@id":"https:\/\/www.peintrecollin.com\/pcw\/fco_page-recompenses\/#breadcrumb"},"inLanguage":"fr-FR","potentialAction":[{"@type":"ReadAction","target":["https:\/\/www.peintrecollin.com\/pcw\/fco_page-recompenses\/"]}]},{"@type":"ImageObject","inLanguage":"fr-FR","@id":"https:\/\/www.peintrecollin.com\/pcw\/fco_page-recompenses\/#primaryimage","url":"https:\/\/www.peintrecollin.com\/pcw\/wp-content\/uploads\/2021\/02\/les-prix.png","contentUrl":"https:\/\/www.peintrecollin.com\/pcw\/wp-content\/uploads\/2021\/02\/les-prix.png","width":1500,"height":912,"caption":"R\u00e9compenses peintre Collin Fran\u00e7ois"},{"@type":"BreadcrumbList","@id":"https:\/\/www.peintrecollin.com\/pcw\/fco_page-recompenses\/#breadcrumb","itemListElement":[{"@type":"ListItem","position":1,"name":"Accueil","item":"https:\/\/www.peintrecollin.com\/pcw\/"},{"@type":"ListItem","position":2,"name":"R\u00e9compenses"}]},{"@type":"WebSite","@id":"https:\/\/www.peintrecollin.com\/pcw\/#website","url":"https:\/\/www.peintrecollin.com\/pcw\/","name":"Fran\u00e7ois Collin","description":"Siret : 792 687 972 00010 - APE : 9003A","publisher":{"@id":"https:\/\/www.peintrecollin.com\/pcw\/#\/schema\/person\/cd114f0559048a553ef862492872ea03"},"potentialAction":[{"@type":"SearchAction","target":{"@type":"EntryPoint","urlTemplate":"https:\/\/www.peintrecollin.com\/pcw\/?s={search_term_string}"},"query-input":{"@type":"PropertyValueSpecification","valueRequired":true,"valueName":"search_term_string"}}],"inLanguage":"fr-FR"},{"@type":["Person","Organization"],"@id":"https:\/\/www.peintrecollin.com\/pcw\/#\/schema\/person\/cd114f0559048a553ef862492872ea03","name":"Fran\u00e7ois Collin","image":{"@type":"ImageObject","inLanguage":"fr-FR","@id":"https:\/\/www.peintrecollin.com\/pcw\/#\/schema\/person\/image\/","url":"https:\/\/www.peintrecollin.com\/pcw\/wp-content\/uploads\/2021\/01\/signature-peintre-collin-peinture-huile.png","contentUrl":"https:\/\/www.peintrecollin.com\/pcw\/wp-content\/uploads\/2021\/01\/signature-peintre-collin-peinture-huile.png","width":794,"height":499,"caption":"Fran\u00e7ois Collin"},"logo":{"@id":"https:\/\/www.peintrecollin.com\/pcw\/#\/schema\/person\/image\/"},"sameAs":["https:\/\/www.peintrecollin.com\/pcw"]}]}},"_links":{"self":[{"href":"https:\/\/www.peintrecollin.com\/pcw\/wp-json\/wp\/v2\/pages\/38","targetHints":{"allow":["GET"]}}],"collection":[{"href":"https:\/\/www.peintrecollin.com\/pcw\/wp-json\/wp\/v2\/pages"}],"about":[{"href":"https:\/\/www.peintrecollin.com\/pcw\/wp-json\/wp\/v2\/types\/page"}],"author":[{"embeddable":true,"href":"https:\/\/www.peintrecollin.com\/pcw\/wp-json\/wp\/v2\/users\/1"}],"replies":[{"embeddable":true,"href":"https:\/\/www.peintrecollin.com\/pcw\/wp-json\/wp\/v2\/comments?post=38"}],"version-history":[{"count":5,"href":"https:\/\/www.peintrecollin.com\/pcw\/wp-json\/wp\/v2\/pages\/38\/revisions"}],"predecessor-version":[{"id":231,"href":"https:\/\/www.peintrecollin.com\/pcw\/wp-json\/wp\/v2\/pages\/38\/revisions\/231"}],"wp:attachment":[{"href":"https:\/\/www.peintrecollin.com\/pcw\/wp-json\/wp\/v2\/media?parent=38"}],"curies":[{"name":"wp","href":"https:\/\/api.w.org\/{rel}","templated":true}]}}